6?
-636555
In base 11, what is 446736 + 5?
446740
In base 16, what is 5 - -a119e63?
a119e68
In base 14, what is 474b + -149?
4602
In base 3, what is 22020202 - -10111201?
102202110
In base 2, what is -110010011001000101 + -11?
-110010011001001000
In base 3, what is -1001111222 - -20210002?
-210201220
In base 2, what is 1 - 1110101100011001001111001?
-1110101100011001001111000
In base 4, what is -231000 - 23000210?
-23231210
In base 3, what is -1200111000200 - -12?
-1200111000111
In base 3, what is -212022021 - -21121?
-212000200
In base 13, what is 5563666 - 2?
5563664
In base 8, what is 1 + 12476476?
12476477
In base 2, what is -1101000001000 + 101011000010111000?
101001011010110000
In base 15, what is 2 + -11bda4?
-11bda2
In base 2, what is -11001000010000 + 110?
-11001000001010
In base 7, what is 4631503 + 1422?
4633225
In base 8, what is 33451733 + 201?
33452134
In base 10, what is 2 - 395377?
-395375
In base 16, what is 16 - 48962d?
-489617
In base 7, what is 1514 - 135264?
-133450
In base 16, what is -5513 + -60c?
-5b1f
In base 14, what is -1 - -15c0b181?
15c0b180
In base 2, what is 100110010100001001100101 - 0?
100110010100001001100101
In base 9, what is 5383 + 1212?
6605
In base 6, what is -5 + -30040550152?
-30040550201
In base 9, what is -57427 + -410?
-57837
In base 16, what is -1e89a0a - e?
-1e89a18
In base 7, what is -12512 - 3045641?
-3061453
In base 11, what is 25908 - -8a?
25997
In base 11, what is 2024 - -25838?
27861
In base 9, what is -481 + -26075?
-26566
In base 7, what is 3153 - 33054?
-26601
In base 16, what is 3993 - -82e8?
bc7b
In base 10, what is 44 - -35332?
35376
In base 7, what is -3 - -63435415?
63435412
In base 2, what is 10110110001111 + -10001001011110?
101100110001
In base 10, what is -473 + -474858?
-475331
In base 12, what is 4102a38 - 4?
4102a34
In base 10, what is 1 - -3463362?
3463363
In base 9, what is 3 - 18647003?
-18647000
In base 15, what is 156b2 - 46?
1566b
In base 12, what is 2 - -a7994b4?
a7994b6
In base 8, what is 675 - -22124?
23021
In base 2, what is 1010000010111110110011 - 1000?
1010000010111110101011
In base 9, what is -2 - -321236?
321234
In base 7, what is -5064 - -24320?
16223
In base 11, what is -28 - -72328?
72300
In base 11, what is 5566 - 1a9?
5368
In base 8, what is 275426 + -21?
275405
In base 6, what is 0 - 1302544233?
-1302544233
In base 16, what is 1a + -b671d?
-b6703
In base 2, what is -111111110010100 - -1001001101001?
-110110100101011
In base 5, what is 3 - -1134131010?
1134131013
In base 13, what is 5 + a85a05b?
a85a063
In base 6, what is 231 + 40144?
40415
In base 4, what is 1021220012033 + -200?
1021220011233
In base 10, what is -2001 - -1127?
-874
In base 12, what is -76a1a8 - -537?
-769871
In base 9, what is -185574684 + 0?
-185574684
In base 14, what is -3c4 + 1dcdc?
1d918
In base 8, what is -3357116763 + -4?
-3357116767
In base 13, what is 9c9 - 163?
866
In base 9, what is 222 + 3020805?
3021127
In base 12, what is 64 + 4399b?
43a43
In base 14, what is 5 - -8c7788d?
8c77894
In base 15, what is 6d42a - 6a?
6d3b0
In base 15, what is -8 + 201b0c?
201b04
In base 12, what is 72794591 + -4?
72794589
In base 12, what is 173522 - 10?
173512
In base 15, what is 282d3 - -b?
282de
In base 8, what is -33331446 - -166?
-33331260
In base 12, what is -3050 + 244?
-2a08
In base 16, what is -2 + -a47b7d?
-a47b7f
In base 6, what is -31215044 + 132?
-31214512
In base 15, what is 1 - -3ba71?
3ba72
In base 7, what is 4 - -16355512?
16355516
In base 8, what is -3410 - 7761?
-13371
In base 16, what is 16738 - 54?
166e4
In base 5, what is -211324 - 41304?
-303133
In base 16, what is -17c + -6671?
-67ed
In base 7, what is 1012 - -533125?
534140
In base 4, what is -3 + 1230110221223?
1230110221220
In base 11, what is 214780 + 76?
214846
In base 10, what is -397 + 994421?
994024
In base 9, what is -63673707 + 1?
-63673706
In base 4, what is -11 - 22233111?
-22233122
In base 5, what is 2 + 300013111041?
300013111043
In base 6, what is 45021113 + -5?
45021104
In base 6, what is 4 + -33055445525?
-33055445521
In base 3, what is 12202110111 - 101210?
12202001201
In base 11, what is -8033 - 10a44?
-18a77
In base 7, what is -160 + 305606106?
305605616
In base 8, what is 45 - -3062317?
3062364
In base 6, what is -3 + -54553454?
-54553501
In base 5, what is 321241201 + -120?
321241031
In base 15, what is 40c88 + 2d1?
41069
In base 9, what is -24452 + -631?
-25183
In base 9, what is 83387 + -1558?
81728
In base 4, what is 3231211333 + 31?
3231212030
In base 10, what is -1467665 - 430?
-1468095
In base 16, what is 15e - -20cc86?
20cde4
In base 14, what is 291b5a96 - -1?
291b5a97
In base 3, what is -122210212000 - -2012?
-122210202211
In base 12, what is 26 - -1a618?
1a642
In base 15, what is -3 - ccec22?
-ccec25
In base 10, what is -8 + 1013996?
1013988
In base 13, what is 5292cc + -43?
529289
In base 3, what is -220012 - -121000122?
120010110
In base 3, what is 10111212221 + 1200112?
10120120110
In base 16, what is -459bb + -9?
-459c4
In base 13, what is -7c17a5a + -1?
-7c17a5b
In base 8, what is -234 + 3116173?
3115737
In base 8, what is -53 + -1067411?
-1067464
In base 4, what is 2021012210 + 23?
2021012233
In base 3, what is -12210111112122 - -10111?
-12210111102011
In base 8, what is -652214204 + 2?
-652214202
In base 16, what is 1430 + -3d59f?
-3c16f
In base 13, what is -c694 - -12a?
-c567
In base 8, what is -71 - 1654044?
-1654135
In base 16, what is 113b9b - -19?
113bb4
In base 8, what is -7403 + -23713?
-33316
In base 16, what is 11c19 + 437?
12050
In base 9, what is -2 - -4458227?
4458225
In base 6, what is -541 + -110313215?
-110314200
In base 13, what is -6 + -b792358?
-b792361
In base 16, what is 4 - 83962a?
-839626
In base 6, what is 105401332 + 314?
105402050
In base 12, what is -1a59 + -b83?
-2a20
In base 16, what is d44a5 - d?
d4498
In base 8, what is -20445104 - -54?
-20445030
In base 13, what is 2958008 - -7?
2958012
In base 16, what is -2c - -1040?
1014
In base 8, what is -60 - 11311371?
-11311451
In base 6, what is -222122500 - -202?
-222122254
In base 16, what is 21ec0 - -43?
21f03
In base 6, what is -313334050 + -3?
-313334053
In base 5, what is 1 - 33214241241?
-33214241240
In base 11, what is -1037373 - -42?
-1037331
In base 2, what is -11011100110011 - 1011011101?
-11101000010000
In base 16, what is c10e + e1?
c1ef
In base 6, what is -1 + -44550013423?
-44550013424
In base 7, what is 612 - -330521?
331433
In base 4, what is -12002311 + -20?
-12002331
In base 7, what is 3 - 1306660316?
-1306660313
In base 2, what is 1100010110111000111100 + 1000?
1100010110111001000100
In base 7, what is 6336213 + 4?
6336220
In base 16, what is -3969 + -13c?
-3aa5
In base 11, what is -1511262 - 63?
-1511315
In base 2, what is 11001011011000001 + -11000110000?
11001000010010001
In base 12, what is -42 - 74b86?
-75008
In base 4, what is 31012 - -21203203?
21300221
In base 4, what is 2302220231 + 1120?
2302222011
In base 5, what is -1132330 + -24211?
-1212041
In base 7, what is 2 + 13445123?
13445125
In base 13, what is 26b + 478aa?
47b48
In base 7, what is 2 + 106622554?
106622556
In base 3, what is 1111002020212220 - 11?
1111002020212202
In base 12, what is 292a + -4680?
-1952
In base 11, what is -885 + 58a?
-2a6
In base 15, what is c3a - -322ad?
32ee8
In base 8, what is -2 + 40615200?
40615176
In base 6, what is 2 + 252541023?
252541025
In base 5, what is 1222113332 + -3?
1222113324
In base 6, what is 11334 - -50235?
102013
In base 2, what is 101 - -11010100000111000111011110?
11010100000111000111100011
In base 3, what is 11221021101 + 1111212?
11222210020
In base 4, what is 122 - 331231201?
-331231013
In base 12, what is -116b059 - -4?
-116b055
In base 5, what is -112122420014 + -2?
-112122420021
In base 13, what is b7c4a1a + -2?
b7c4a18
In base 9, what is -78 + 124245?
124156
In base 2, what is -100000010 + 11100110010011010?
11100101110011000
In base 9, what is -1 + 10861160?
10861158
In base 13, what is -ba98043 + 0?
-ba98043
In base 12, what is -89 + -30962?
-30a2b
In base 6, what is 13 - -244522124?
244522141
In base 9, what is -65 - -118534?
118458
In base 13, what is -2872207 - -4?
-2872203
In base 2, what is 100001110001110 + -1011001010?
100000011000100
In base 5, what is -22020244 